hat is n(-6)?
-84
Let z(k) = 13*k**2 - 537*k + 1167. Give z(39).
-3
Let q(f) = -4*f**2 + 79*f - 393. Give q(9).
-6
Let y(k) = 8*k**3 - 35*k**2 + 10*k - 176. What is y(5)?
-1
Let l(s) = 21*s**2 - 554*s - 552. Determine l(-1).
23
Let g(q) = -q**3 - 3*q**2 + 17*q + 38. Calculate g(-5).
3
Let w(n) = 26*n + 1365. What is w(-53)?
-13
Let c(s) = 47*s + 3430. Determine c(-73).
-1
Let k(h) = -2*h**3 + 68*h**2 - 56*h - 353. Determine k(33).
-23
Let c(j) = -j**3 - 3*j**2 - 4*j - 3. Give c(-5).
67
Let s(r) = 67*r - 550. Determine s(6).
-148
Let s(u) = -4*u**3 - 11*u**2 - 23*u - 68. Determine s(-4).
104
Let t(h) = 62*h**2 + 197*h + 21. Calculate t(-3).
-12
Let z(r) = -487*r - 3908. Calculate z(-8).
-12
Let b(s) = -s**3 - 4*s**2 + 11*s + 3. Give b(0).
3
Let x(g) = 5*g**2 - 114*g - 113. What is x(-1)?
6
Let c(y) = 4*y**2 + 985*y - 17618. What is c(-263)?
3
Let a(c) = -101*c - 109. What is a(-2)?
93
Let x(t) = -2*t**3 - 49*t**2 + 24*t + 66. Give x(-25).
91
Let i(n) = -3*n**2 - 430*n - 2862. What is i(-7)?
1
Let d(a) = -a**2 - 51*a + 403. Give d(-58).
-3
Let f(o) = o**3 + 42*o**2 + 296*o + 39. Give f(-33).
72
Let b(x) = x**3 - 14*x**2 + 7*x + 25. What is b(10)?
-305
Let d(u) = -u**3 - 5*u**2 + 107*u + 12. Give d(-13).
-27
Let p(n) = -56*n - 479. What is p(-9)?
25
Let m(r) = 7*r - 101. Determine m(-8).
-157
Let z(i) = i - 167. What is z(20)?
-147
Let r(v) = v**2 - 28*v + 152. What is r(11)?
-35
Let l(a) = -a**3 - 207*a**2 + 842*a - 428. Determine l(-211).
-6
Let y(q) = -12*q**2 - 89*q + 65. Calculate y(-8).
9
Let q(j) = 2*j**2 - 173*j + 2470. Determine q(18).
4
Let g(n) = -775*n + 12393. Determine g(16).
-7
Let u(c) = 8992*c + 62955. What is u(-7)?
11
Let d(b) = 2*b**2 + 69*b - 202. Determine d(3).
23
Let b(m) = -49*m**3 - 3*m + 3. What is b(1)?
-49
Let r(b) = 8*b + 50. Calculate r(-7).
-6
Let w(y) = 2*y**2 + 101*y - 546. Calculate w(5).
9
Let u(j) = j**3 + 9*j**2 + 8*j + 1. Calculate u(-8).
1
Let w(m) = 2*m**3 - 14*m**2 + m - 9. Give w(7).
-2
Let l(r) = -24*r + 102. Calculate l(22).
-426
Let s(u) = 4*u**3 + 51*u**2 - 15*u - 10. What is s(-13)?
16
Let b(m) = -m**2 - 157*m - 600. Calculate b(-4).
12
Let z(d) = -d**3 - 13*d**2 - 26*d - 10. Give z(-9).
-100
Let g(a) = a**3 - 219*a**2 - 671*a + 1094. What is g(222)?
-16
Let w(i) = 2446*i + 12327. Calculate w(-5).
97
Let z(w) = -6*w**3 - 4187*w + 4187. Calculate z(1).
-6
Let j(r) = 2*r**2 + 73*r + 417. Determine j(-6).
51
Let u(p) = 185*p - 360. Determine u(2).
10
Let t(j) = 492*j + 225. Give t(0).
225
Let j(h) = -h**3 + 122*h**2 - 3557*h + 254. Determine j(48).
14
Let z(i) = -i**3 + 35*i**2 + 32*i + 3. Calculate z(36).
-141
Let c(o) = -50*o - 669. Calculate c(-13).
-19
Let b(c) = -270*c + 1338. Give b(5).
-12
Let w(p) = p**3 + 64*p**2 - 136*p - 207. What is w(-66)?
57
Let f(s) = -37*s + 1400. Give f(37).
31
Let y(i) = -541*i - 11520. Give y(-21).
-159
Let i(x) = x**2 + 685*x - 4133. Calculate i(6).
13
Let w(h) = h**3 + 16*h**2 - 5*h - 22. Determine w(-15).
278
Let z(c) = 12*c + 1415. What is z(-117)?
11
Let a(j) = -61*j + 1169. Give a(19).
10
Let o(u) = -2*u**3 - 8*u**2 - 75*u - 295. Determine o(-4).
5
Let y(o) = -47*o + 3. Determine y(0).
3
Let a(b) = -1365*b - 12313. Give a(-9).
-28
Let u(a) = -208*a + 3103. Calculate u(15).
-17
Let g(y) = -220*y - 374. Determine g(2).
-814
Let l(u) = -323*u - 303. Give l(-1).
20
Let c(l) = -l**2 + 193*l - 4672. Calculate c(28).
-52
Let j(g) = 401*g + 1595. Determine j(-4).
-9
Let y(w) = 308*w**3 - 3*w**2 - 5*w - 3. What is y(-1)?
-309
Let s(f) = 2*f**2 + 234*f - 51300. What is s(112)?
-4
Let r(x) = x**3 + 13*x**2 + 37*x + 16. Calculate r(-6).
46
Let i(k) = -105*k - 397. What is i(-4)?
23
Let y(b) = -b**3 - 82*b**2 - 238*b - 101. Determine y(-79).
-22
Let u(b) = b**3 + 9*b**2 + 11*b + 1. What is u(-8)?
-23
Let a(s) = 184*s + 1481. Calculate a(-8).
9
Let i(p) = -p**2 + 35*p - 106. Calculate i(28).
90
Let i(m) = 123*m**3 + 3*m**2 + 20*m + 17. Calculate i(-1).
-123
Let o(k) = -2*k**3 - 5*k**2 - 3*k - 64. Calculate o(0).
-64
Let m(q) = 127*q**2 - 655*q + 132. Calculate m(5).
32
Let f(a) = -a**3 + 104*a**2 - 712*a + 225. What is f(7)?
-6
Let r(p) = -4*p**3 + 123*p**2 + 34*p - 78. Give r(31).
15
Let s(u) = -u**2 + 25*u + 83. Calculate s(30).
-67
Let t(n) = 3*n**2 - 95*n + 758. Calculate t(15).
8
Let u(b) = -3*b + 18. Calculate u(-1).
21
Let o(u) = -5*u**2 - 385*u - 1122. Give o(-74).
-12
Let i(c) = -467*c - 919. Determine i(-2).
15
Let j(x) = 377*x - 4915. Give j(13).
-14
Let j(q) = 187*q - 37977. Determine j(203).
-16
Let p(m) = m**3 + 18*m**2 + 4*m - 88. What is p(-17)?
133
Let v(f) = 6*f**2 - 234*f + 2. Give v(39).
2
Let a(o) = 152*o**2 + 17*o + 27. Determine a(-2).
601
Let l(s) = 747*s - 3702. Determine l(5).
33
Let p(x) = -1317*x - 64. Calculate p(0).
-64
Let t(h) = -56*h - 8. Give t(-3).
160
Let a(i) = -2*i**2 - 107*i + 273. Give a(-51).
528
Let n(b) = -2*b**2 + 15*b - 39. What is n(4)?
-11
Let a(k) = -k**2 - 11*k - 29. What is a(-3)?
-5
Let l(z) = 2*z**3 - z**2 - 219*z - 49. What is l(-10)?
41
Let k(f) = f**2 - 27*f - 999. Give k(46).
-125
Let v(u) = -371*u**3 - 22*u - 22. Determine v(-1).
371
Let m(t) = -2*t**3 + 6*t**2 - 12*t + 21. Give m(3).
-15
Let c(x) = 3*x**2 - 245*x - 76. Determine c(82).
6
Let j(k) = -2*k**3 - 127*k**2 + 329*k - 156. Give j(-66).
-90
Let h(n) = -8*n**2 + 175*n + 1945. What is h(30)?
-5
Let c(r) = -5*r**3 - 4*r**2 + 4*r + 2. Calculate c(4).
-366
Let t(k) = k**3 - 13*k**2 + 9*k + 1. Give t(8).
-247
Let u(v) = -17*v**2 - 24*v + 4. Give u(-3).
-77
Let z(c) = 137*c + 141. What is z(-1)?
4
Let k(i) = -2*i**3 + 45*i**2 + 65*i + 222. Determine k(24).
54
Let x(h) = 10*h**3 + 206*h**2 + 124*h + 71. Give x(-20).
-9
Let x(s) = 14*s - 819. What is x(57)?
-21
Let u(v) = -55*v + 702. Determine u(13).
-13
Let p(f) = 31*f + 1246. What is p(-53)?
-397
Let y(k) = 2*k**3 + 31*k**2 - 41*k - 449. Give y(-16).
-49
Let s(v) = -8*v**3 + 5*v**2 - 10*v + 11. What is s(2)?
-53
Let v(b) = 16*b**2 - 9*b - 1. Calculate v(-1).
24
Let l(y) = -2*y**3 + 25*y**2 - 49*y - 71. What is l(4)?
5
Let y(j) = 68*j + 115. Determine y(-2).
-21
Let b(k) = -71*k + 24. What is b(-1)?
95
Let t(z) = -50*z**2 - 1725*z + 874. Calculate t(-35).
-1
Let v(o) = -33*o - 824. Give v(-25).
1
Let v(x) = -64*x + 4924. Determine v(77).
-4
Let m(n) = 3*n**2 + 14*n - 199. Calculate m(6).
-7
Let u(i) = -3*i**3 - 2*i**2 + 6*i + 20. Give u(0).
20
Let p(j) = -j**2 + 62*j - 791. Determine p(45).
-26
Let h(c) = -1258*c + 18853. Give h(15).
-17
Let k(w) = -60*w + 40. Determine k(2).
-80
Let a(s) = -s**3 - 24*s**2 + 55*s + 14. Give a(-26).
-64
Let s(u) = -10*u**3 - 10*u - 20. What is s(-2)?
80
Let c(m) = m**2 - 356*m - 2564. Give c(-7).
-23
Let a(h) = -3*h**3 - 332*h**2 + 447*h - 24. What is a(-112)?
88
Let j(c) = c**2 - 93*c + 1047. Give j(80).
7
Let o(i) = 8*i**2 + 195*i + 55. Determine o(-29).
1128
Let p(d) = 205*d**2 - 4304*d - 21. Calculate p(21).
0
Let j(p) = 7*p**2 - 9*p + 9. Give j(4).
85
Let f(o) = 4*o**2 - o + 23. Give f(6).
161
Let v(r) = -r**2 + 51*r + 3275. Determine v(-37).
19
Let d(h) = -2*h**2 + 359*h + 1850. Determine d(-5).
5
Let p(m) = 23*m**2 - 7716*m + 3687. Determine p(335).
2
Let z(l) = -l**3 - 5*l**2 + 10*l. Give z(-5).
-50
Let f(g) = 2*g**3 - 83*g**2 - 50*g + 360. What is f(42)?
24
Let x(g) = -2*g**3 + 156*g**2 - 4*g + 327. Calculate x(78).
15
Let x(y) = 105*y - 83. What is x(-2)?
-293
Let r(u) = 10*u + 779. Give r(-78).
-1
Let q(t) = -2342*t + 3. Determine q(0).
3
Let d(b) = b**3 - 13*b**2 - 27. What is d(11)?
-269
Let w(t) = -t**3 - 44*t**2 - 126*t - 16. Give w(-3).
-7
Let m(y) = 236*y - 2357. Give m(10).
3
Let x(p) = 21*p - 171. Determine x(19).
228
Let y(f) = -5*f**3 + 52*f**2 - 17*f + 29. What is y(10)?
59
Let n(p) = 5*p**3 - 19*p**2 + 54*p - 29. Give n(2).
43
Let w(f) = -13*f**2 - 219*f - 682. Give w(-4).
-14
Let m(f) = -f**2 + 104*f + 1632. Calculate m(-14).
-20
Let q(c) = -767*c + 388868. Calculate q(507).
-1
Let a(t) = -2*t**2 + 109*t + 601. Determine a(-5).
6
Let k(d) = -d**3 + 3*d**2 + 11*d - 430. What is k(0)?
-430
Let j(k) = 3*k**2 - 4*k - 4. Determine j(4).
28
Let b(d) = -5517*d + 165492. Determine b(30).
-18
Let y(a) = -a**3 + 8*a**2 - 22*a + 83. Determine y(6).
23
Let j(k) = -28*k**2 + 534*k - 20. What is j(19)?
18
Let m(t) = -13*t + 333. Calculate m(26).
-5
Let t(n) = n**3 - 13*